number?
False
Is 6723515977 prime?
False
Is 40420002289 prime?
True
Is 58086958 a composite number?
True
Is 2697055717 a composite number?
False
Is 140926458121 prime?
True
Is 31783428427 composite?
False
Is 2202552031 a prime number?
False
Is 86173326133 composite?
True
Is 67602841183 prime?
True
Is 44143098459 a prime number?
False
Is 1864380439 a composite number?
False
Is 39913062331 a prime number?
False
Is 1164965651 composite?
False
Is 1171241921 prime?
True
Is 79527657691 a composite number?
False
Is 15361522277 a composite number?
False
Is 12231302071 a prime number?
False
Is 17739421363 a prime number?
True
Is 604195087 composite?
False
Is 272686945 composite?
True
Is 228735884231 a composite number?
True
Is 5954295463 composite?
False
Is 441590809 composite?
True
Is 6560182609 prime?
True
Is 2474106682 a composite number?
True
Is 4719642359 composite?
False
Is 4427457011 prime?
False
Is 5159020469 composite?
True
Is 977209411 composite?
True
Is 1351590221 a prime number?
False
Is 122686051 prime?
True
Is 23722559027 composite?
True
Is 18784595671 prime?
True
Is 4461308227 a composite number?
True
Is 17271810011 a prime number?
True
Is 13943684513 a prime number?
False
Is 307209521 a composite number?
False
Is 11799328579 a prime number?
False
Is 767723779 a composite number?
False
Is 60517201441 prime?
True
Is 7422774581 prime?
True
Is 1746563521 prime?
False
Is 599730667 composite?
False
Is 46613797 a composite number?
False
Is 38210741 a prime number?
True
Is 17663772983 composite?
False
Is 11877513611 a prime number?
True
Is 4859209831 a prime number?
False
Is 1030750337 a composite number?
False
Is 11013707933 prime?
True
Is 1130870969 composite?
True
Is 349255001 composite?
True
Is 28913527 composite?
False
Is 7996006769 prime?
True
Is 12197819939 prime?
False
Is 3396481511 composite?
False
Is 40696430227 a prime number?
False
Is 77227354873 prime?
False
Is 2192004571 prime?
True
Is 595809679 prime?
True
Is 47179765759 prime?
False
Is 3753382517 composite?
True
Is 45387250682 prime?
False
Is 2132473469 a prime number?
False
Is 4436071727 composite?
False
Is 435627565807 a prime number?
False
Is 2806304981 prime?
True
Is 1446753767 prime?
True
Is 116645817091 a composite number?
True
Is 477616891 composite?
False
Is 11729961967 composite?
False
Is 6977015557 prime?
True
Is 490121491 prime?
True
Is 1750451153 composite?
True
Is 526421333 a composite number?
False
Is 844311707 composite?
True
Is 5903705873 a prime number?
False
Is 71475073169 prime?
False
Is 105351332367 composite?
True
Is 11670849247 composite?
False
Is 28457444957 prime?
False
Is 2185606603 composite?
True
Is 188788554271 prime?
True
Is 169460056445 composite?
True
Is 128486657 prime?
False
Is 344301877 a prime number?
False
Is 165437369 a composite number?
False
Is 698037667 composite?
True
Is 572046029 a composite number?
True
Is 14615303203 a composite number?
False
Is 16318694829 composite?
True
Is 2133431621 prime?
False
Is 12831896065 composite?
True
Is 105099076219 composite?
True
Is 619838941 composite?
True
Is 54309528289 a composite number?
False
Is 23966484979 a composite number?
False
Is 249935893 prime?
True
Is 15086353 prime?
False
Is 882033799 a composite number?
False
Is 20546548307 a prime number?
True
Is 12711624109 prime?
False
Is 50139320403 composite?
True
Is 106629752227 a composite number?
False
Is 1230091349 prime?
True
Is 14187528163 a composite number?
False
Is 2872307681 a composite number?
False
Is 125914991869 composite?
False
Is 43717238459 composite?
False
Is 25314276142 a prime number?
False
Is 52636633519 a composite number?
False
Is 45697566449 a composite number?
True
Is 1501823567 prime?
True
Is 900480391 composite?
True
Is 76179671 a composite number?
False
Is 11794106321 composite?
False
Is 12850374401 a composite number?
False
Is 1140803731 composite?
False
Is 88479289931 prime?
True
Is 766081213 a composite number?
False
Is 810755357 composite?
False
Is 2774292478 a prime number?
False
Is 1216237315 prime?
False
Is 8530693 prime?
True
Is 1017655687 prime?
False
Is 14142763267 prime?
False
Is 1561706719 prime?
True
Is 12103952087 a composite number?
True
Is 284033081 composite?
False
Is 45042821653 composite?
False
Is 2321041577 prime?
False
Is 179200997939 a composite number?
False
Is 1442336149 a composite number?
True
Is 404396719 composite?
False
Is 4115901259 a composite number?
False
Is 3100016897 composite?
False
Is 118351909645 prime?
False
Is 87192663511 a composite number?
True
Is 16520414653 prime?
False
Is 297286181 prime?
False
Is 307482701 prime?
True
Is 140155817 composite?
True
Is 20877243937 a composite number?
True
Is 32828408713 prime?
False
Is 740511431 a composite number?
True
Is 9515434339 prime?
True
Is 65670823 a composite number?
False
Is 2432248927 composite?
False
Is 5691265949 a prime number?
True
Is 402117409 a composite number?
True
Is 5649635917 composite?
False
Is 115611703 a prime number?
True
Is 107121358679 a composite number?
False
Is 16791544331 composite?
False
Is 2452282271 prime?
True
Is 23874272551 a composite number?
False
Is 272020897 composite?
False
Is 1106767121 composite?
False
Is 12732706723 prime?
False
Is 929507071 composite?
False
Is 13256077078 prime?
False
Is 4862707043 composite?
False
Is 8551852477 a composite number?
True
Is 829757933 composite?
False
Is 28232054138 prime?
False
Is 152052881 a prime number?
True
Is 414838953161 prime?
True
Is 18718037497 prime?
True
Is 29903319143 a composite number?
False
Is 1951326571 a composite number?
True
Is 133187167 a composite number?
True
Is 27722848451 composite?
True
Is 591747337 prime?
True
Is 1202062921 composite?
True
Is 36536742083 prime?
False
Is 38421856019 prime?
True
Is 7928131297 composite?
True
Is 1105848839 a composite number?
False
Is 40150771438 prime?
False
Is 6495056921 a composite number?
True
Is 135004283 a prime number?
True
Is 38378433 a composite number?
True
Is 4178897 a prime number?
True
Is 840290537 a composite number?
True
Is 871365167 a prime number?
True
Is 526404869 composite?
False
Is 3061085633 a prime number?
False
Is 37775593 prime?
False
Is 43349690113 composite?
False
Is 1276164833 a composite number?
True
Is 6968916797 a composite number?
False
Is 3257897749 a prime number?
True
Is 13615990181 a composite number?
False
Is 201819443 a composite number?
True
Is 5925279547 a composite number?
True
Is 1118239097 a prime number?
True
Is 3851534341 a composite number?
True
Is 222560003 a prime number?
True
Is 1002075271 a composite number?
False
Is 3213520907 prime?
True
Is 89522289853 a composite number?
True
Is 14949311941 a composite number?
False
Is 1668722241 a prime number?
False
Is 1645938787 a composite number?
False
Is 104984087171 prime?
True
Is 33283445513 composite?
True
Is 7573911467 a prime number?
True
Is 2517690061 prime?
True
Is 2132670305 prime?
False
Is 5277047459 prime?
True
Is 3228669443 composite?
False
Is 20320311173 a composite number?
False
Is 9127540561 a composite number?
False
Is 2115220817 composite?
False
Is 70589602 prime?
False
Is 1173794171 composite?
True
Is 739895509 prime?
False
Is 38166503 prime?
False
Is 724220137 prime?
True
Is 359013669307 prime?
True
Is 132730707173 a composite number?
True
Is 1823567639 prime?
False
Is 662686559 a composite number?
False
Is 219279167 prime?
False
Is 20015176183 composite?
True
Is 4277867795 a composite number?
True
Is 63448193659 composite?
False
Is 200551009 composite?
False
Is 1169232265 prime?
False
Is 60972603007 prime?
True
Is 10156941929 a composite number?
True
Is 157906194937 a prime number?
True
Is 781448597 a prime number?
True
Is 749073371 a composite number?
True
Is 5885968889 composite?
False
Is 46995251201 a composite number?
False
Is 6543991033 composite?
True
Is 696232139 composite?
False
Is 2477094418 composite?
True
Is 182164218671 a prime number?
True
Is 8094002791 a prime number?
False
Is 1260290329 prime?
False
Is 6810965029 prime?
False
Is 2863013722 a composite number?
True
Is 24367707547 a prime number?
True
Is 8809408285 a composite number?
True
Is 137967363581 prime?
True
Is 5663244863 composite?
False
Is 1249732613 composite?
False
Is 2299696339 a prime number?
True
Is 4232978135 composite